v(f) = 2*f**2 + 17*f - 11. Let y be v(-12). Let q = -65 + y. Calculate the remainder when x is divided by q.
6
Suppose 2*g + 7*k - 2*k = 25, -2*g - 4*k + 24 = 0. Let b(c) = 5*c - 27. What is the remainder when b(15) is divided by g?
8
Let d be 4/2 - (-171)/9. What is the remainder when ((-28)/d)/((-4)/9) is divided by 1?
0
Suppose -2*p = -4*p + 70. Let l(q) = 2*q + 6*q - q**2 + 2*q + q. What is the remainder when p is divided by l(9)?
17
Suppose -3*o + 9 = -0*o. Let y = -438 - -461. Calculate the remainder when o/(58/(-30) + 2) is divided by y.
22
Let p = 16 + 3. Calculate the remainder when (2/(-3))/((-72)/5940) is divided by p.
17
Suppose -w - 97 = -4*a, -12*a + 94 = -8*a - 2*w. What is the remainder when a is divided by 2?
1
Suppose 0*t + 29 = t. Let z = 370 - 529. Let l = z - -243. Calculate the remainder when l is divided by t.
26
Let g(p) = -p**3 - 6*p**2 - 4*p - 2. Suppose -b = -3*b + 5*s - 27, -5*b = 2*s + 24. What is the remainder when 41 is divided by g(b)?
19
Let k be 77/1*4/4. Let a = -52 + 75. What is the remainder when a is divided by (24/(-7))/((-22)/k)?
11
Let q(g) = -g**3 - 13*g**2 - 10*g + 26. Let a be q(-12). Suppose -d + 4 + 2 = 0. Calculate the remainder when ((108/(-5))/a)/((-20)/50) is divided by d.
3
Calculate the remainder when -876*10/(-4)*6/30 is divided by 63.
60
Suppose x + 4*r = -4*x + 154, 3*x + 5*r = 82. What is the remainder when x is divided by 36/4 - (2 - 4)?
1
Let a be (2 - (-12)/(-3))/((-6)/12). Suppose -89 - 83 = -a*j. Let k(x) = -x**3 - 7*x**2 - 2*x - 3. Calculate the remainder when j is divided by k(-7).
10
Suppose 0 = -2*g + 2*v - 7*v + 85, 196 = 5*g - 4*v. Calculate the remainder when g is divided by 2 + 0 - (-95)/5.
19
Suppose -45 = -2*p + 49. Let s = p - 25. Suppose 3*k - 35 = 4. Calculate the remainder when s is divided by k.
9
Let m = 175 - 93. Calculate the remainder when m is divided by -42 + 45 - (-4 - (-2)/2)*13.
40
Let j = 51 - 44. Suppose 3*f - 73 = 5*q - 25, -2*q + 38 = 4*f. What is the remainder when f is divided by j?
4
Let m = 29 + -50. What is the remainder when (3 - 5) + -2 - -85 is divided by (-6 - -7)/((-1)/m)?
18
Let t be -2 + 5 - -10*1. Let l be (-1)/(-1 + (-12)/(-15)). Suppose -l*r = -3*m - 69, -4*r - 2*m + 29 = -t. Calculate the remainder when 32 is divided by r.
8
Let b(z) = -z**3 - 7*z**2 + 7*z - 8. Let j be b(-8). Let x = -1 + j. What is the remainder when 40 is divided by -2 - (x + 2) - -17?
12
Let s = -17 + 521. Calculate the remainder when s is divided by 13.
10
Let l = 3 - 4. Let u = l - -6. Suppose 4*r + 54 = u*r. Calculate the remainder when r is divided by 19.
16
Let h(c) be the third derivative of c**4/24 + 2*c**3 + 7*c**2. What is the remainder when 11 is divided by h(-8)?
3
Suppose b + b + 33 = -5*w, -4*b + 3*w - 1 = 0. Let y(g) = -6*g - 2. Calculate the remainder when y(b) is divided by -4 - -13 - (-3 - 0).
10
Suppose -111*r + 131473 = -38*r. Calculate the remainder when r is divided by 106.
105
Let n(a) = -a**3 + 3*a**2 + 8*a - 6. Let m be n(5). Let i = m - -15. Calculate the remainder when 73 is divided by ((-13)/i - -4) + 2.
16
Suppose x + 40*l = 38*l + 90, 5*x - 477 = -l. What is the remainder when x is divided by 25?
21
Calculate the remainder when (44 + -4)*-1*14/(-4) is divided by 6.
2
Let a be (-4)/14 + 200/(-35). Let t be (-1 - a) + -13 + 16. Suppose 0 = -0*m + t*m - 368. Calculate the remainder when m is divided by 12.
10
Suppose 0 = t + 2 - 6. Suppose 0 = 4*k - v - 5, t*v = v - 15. Suppose k = -11*h + 13*h - 26. Calculate the remainder when 23 is divided by h.
10
Let b be 306/6 - (1 - 1). Suppose -4*g = a - b, -2*g + 11 = 4*a + 3. Let q = g - 1. What is the remainder when 37 is divided by q?
11
Suppose -8*k + 1712 = -3280. Calculate the remainder when k is divided by 61.
14
Let c = 730 + -519. Calculate the remainder when c is divided by (4 - (-30)/(-5))/((-8)/212).
52
Let o(w) = w**3 + w. Let m be o(1). Suppose 0 = m*l + l - 93. Suppose 0*i - 20 = -v - 4*i, -2*v - 3*i + 35 = 0. Calculate the remainder when l is divided by v.
15
Suppose 3*t = -20 + 140. Suppose 0 = 11*z - 8*z - 39. Let g = t - z. What is the remainder when g is divided by 10?
7
Let g = -8 + 12. Suppose -12 = 4*r, r - 2*r + 13 = -g*x. Calculate the remainder when (-1)/x + 93/12 is divided by 6.
2
Suppose 2*p + 5*u = 3*p - 109, 20 = -5*u. What is the remainder when p is divided by 20?
9
Let p be 1*(-1)/(5/15). Let s be p + (0 - -179)*1. Suppose -s = -6*h + 2*h. What is the remainder when h is divided by 15?
14
Let r(i) = 4*i**2 + 4*i - 14. What is the remainder when r(-7) is divided by 43?
25
Let b be (-11)/(154/684) + 1/(-7). Let c = 50 + b. What is the remainder when 2 is divided by c?
0
Let t = -70 - -77. What is the remainder when 41 is divided by t?
6
What is the remainder when 12/10*5*2 is divided by 6/51 + (-9648)/(-1224)?
4
Let d(a) = a**3 + 16*a**2 - 10*a - 54. Calculate the remainder when 846 is divided by d(-16).
104
Let f = 14 + -12. Suppose -4*b + 268 = f*z, -2*z = 5*b + 2*z - 332. Suppose k = -4*a + 234 + 27, a = -3*k + b. What is the remainder when a is divided by 17?
14
Let b = 1 - -3. Suppose -b*s + 4*p = -104, -68 = -4*s - p + 46. Calculate the remainder when 53 is divided by s.
25
Suppose s - 44 = -0*s - u, -2*u - 76 = -2*s. Suppose -24 = -5*a + s. What is the remainder when 38 is divided by a?
12
Let p be 32/80 - (-16)/10. What is the remainder when 63/(-14)*p*-4 is divided by 13?
10
Let c = -5 - -9. Calculate the remainder when (-1)/c + (-3208)/(-32) is divided by 26.
22
Suppose 5*d - 16 = -x - 0*x, 4 = 4*x. Suppose d*n - 8 = -5*g, -2*g + 2 = n - 1. Calculate the remainder when (-15 - n)*(-6 - -2) is divided by 22.
20
Suppose 7*v = 2*v - 80. Let q = 20 + v. Calculate the remainder when 15 is divided by q.
3
Let h = 115 + -105. Calculate the remainder when 126 is divided by h.
6
Let i = -74 - -260. Calculate the remainder when i is divided by 7.
4
Let b(t) = -4*t + 37. Let x be b(9). Calculate the remainder when 4/(8/226) + 3/x is divided by 40.
36
Let a(t) = 2*t + 25. Let f be a(-11). Suppose 5*l + 2*o - 1372 = 0, f*l - 4*l + 280 = -o. Calculate the remainder when l is divided by 31.
28
Let n(u) = -2*u**2 - 27*u + 16. Let j be n(-14). Calculate the remainder when 26 is divided by (22 - (-5 + 10)) + j*-1.
11
Suppose 14*a = 16*a - 480. Calculate the remainder when a is divided by 27.
24
Let m(d) = d - 4. Let i be m(-4). Let l(o) = -o**3 - 9*o**2 - 8*o + 9. Calculate the remainder when 25 is divided by l(i).
7
What is the remainder when 239 is divided by (138/(-184))/(-3 + 738/248)?
22
Let r(k) = -4*k + 34. Let m be r(7). Suppose -3*h - h = -20, -5*h + 41 = 4*g. What is the remainder when (0 - m/2)/(2/(-6)) is divided by g?
1
Suppose l = 5*o + 2 + 2, -l + 4*o + 4 = 0. Suppose -3*h = 5*t - l*h - 76, -t + 5*h = -20. Let b = 15 + -9. What is the remainder when t is divided by b?
3
What is the remainder when 384 is divided by 4/(-12)*-19 + (-4)/(-6)?
6
Calculate the remainder when 262 is divided by 1*(3 + (45 - -5)).
50
Let k be (-8)/6*18/(-12) - -39. Suppose 3*o = -2*z + k, -63 = -4*z - 3*o + 4. Calculate the remainder when 75 is divided by z.
10
Suppose 5*j = -0*j + 75. Let p(g) = -g**3 + 3*g**2 + g - 1. Let b be p(3). Let n(y) = 2*y + 2. Calculate the remainder when j is divided by n(b).
3
Suppose -2*m + 52*v + 78 = 56*v, -m - 3*v = -43. Let j = -16 + 27. Let n = j - -6. What is the remainder when m is divided by n?
14
Let g = -5 + 123. What is the remainder when g is divided by 64?
54
Let x(m) = 2*m**2 - 20*m - 33. Let l be 21 - (6 - 1)/1. Calculate the remainder when x(l) is divided by 27.
24
Let q = 260 + -210. What is the remainder when 177 is divided by q?
27
Suppose -z + 3*a - 20 = 0, -2*z + 2*a = 4*a. Let v be 8/(-6) - z/15. What is the remainder when -2*(186/4)/v is divided by 32?
29
Suppose 4*r + 47 = 107. Let u(p) = p**3 - 16*p**2 + 16*p + 31. What is the remainder when u(r) is divided by 24?
22
Let k be -8 + (2 - (4 - 4)). Calculate the remainder when -1 + (-27)/k*12 is divided by 28.
25
Let l(y) = y - 4. Let m = 6133 + -6101. Calculate the remainder when m is divided by l(7).
2
Let b be (-2)/(-4) - (-14)/4. Suppose 0 = -4*j + 12, 3*p - b*p + j + 14 = 0. Let y = -49 + 55. What is the remainder when p is divided by y?
5
Calculate the remainder when 2/(-8)*2*12